 p be 0*2/2 + 6. What is the units digit of v(p)?
0
Suppose 625*d + 69492 = 637*d. What is the tens digit of d?
9
Let r = -477 + 1712. What is the tens digit of r?
3
Let u = 162 - -39. What is the hundreds digit of u?
2
Let x(u) = u + 16. Let v be x(-14). Suppose 2*g = 5*g, 0 = -4*m - g + 64. Suppose m = v*a - 34. What is the tens digit of a?
2
Suppose -5*f + 2*z + 1 - 2 = 0, 0 = 4*f + 2*z + 8. What is the units digit of 2/(f/60*-4)?
0
Let u(q) = 6*q**2 + 282*q - 41. What is the units digit of u(-54)?
7
What is the hundreds digit of ((-43)/(-2))/((-16)/(-416))?
5
Suppose -4 + 14 = 2*s. Let o be (1*-1)/((-1)/s). Suppose -l = -o*g - 17, 4*g + 52 = 7*l - 3*l. What is the units digit of l?
2
What is the tens digit of (-46)/(-69)*27/6 - -3631?
3
Let q = -5 - -9. Suppose -6 = -2*h - i, -2*h = 3*i - q*i - 10. What is the units digit of (h - 0)/(4/10)?
0
Suppose -5*l - 50 = 10. Let u = l - -17. Suppose 0 = s + o, 2*s - u*o - 8 = -s. What is the units digit of s?
1
Suppose 17*y = -24*y + 99876. What is the thousands digit of y?
2
Let v(x) = 8 + 4*x - 3*x + 0*x. Let h be v(8). Let s = h + 3. What is the units digit of s?
9
Let t = 1975 + -730. What is the hundreds digit of t?
2
What is the units digit of (-17486)/(-35) - 2/(-5)?
0
Suppose -u - 4*q + 390 = 0, 0*u = 3*u + q - 1137. Suppose -j - a + 119 = 0, 3*j - 2*a - u = 2*a. What is the hundreds digit of j?
1
What is the hundreds digit of (41 + 9)/((-1295)/260 - -5)?
6
Let t be ((-14)/56 + 389/20)*10. Let p = -120 + t. What is the units digit of p?
2
Let u = 11346 + -5861. What is the thousands digit of u?
5
Let m(t) = 4*t**3 + 13*t**2 - 57*t - 9. What is the tens digit of m(7)?
0
Let g(v) = 9*v - 7. Let c be g(7). Suppose 2*t = -2*t + 2*q + c, -2*q + 9 = t. Suppose l = 6*l - 25, 2*z - 5*l - t = 0. What is the units digit of z?
9
Let x = 3 - 0. Let r(o) = 2*o**3 - 2*o - 4 - 3*o**x - 2*o + 2*o. What is the tens digit of r(-3)?
2
Suppose 0 = -u - u - 2*h + 266, -559 = -4*u + 5*h. Suppose u = 2*k - 90. What is the tens digit of k?
1
Suppose -22 = o - 12*o. Suppose o*l - 327 - 55 = 0. What is the units digit of l?
1
Let c(t) = -t**3 + 19*t**2 - 6*t - 307. What is the units digit of c(-12)?
9
Suppose 4*g - 1036 = 608. What is the hundreds digit of g?
4
Let u(i) be the third derivative of i**5/20 + i**4/12 - i**3/3 + 4*i**2. Let k be u(-4). Suppose -15*p = -17*p + k. What is the tens digit of p?
1
Suppose 3*c + 0*c = -4*m - 310, 5*c + 565 = 3*m. Let z = c - -132. What is the units digit of z?
2
Let i be ((-1)/(-2))/((-13)/(-52)). Suppose i*q - 3*h - 376 = 0, -4*q = -5*h - 80 - 670. What is the hundreds digit of q?
1
Suppose 0 = 3*g - 9*g + 72. Suppose 0 = 8*w - g*w + 268. What is the units digit of w?
7
Let f(r) = 2*r**2 - 19*r**3 + 7*r**3 + r + 1 + 0*r - 3*r. Let j be f(1). Let z = -4 - j. What is the units digit of z?
7
Let r(x) = -x + 15. Let k be r(11). Suppose -56 = -k*o + 3*p, -5*o - p + 48 = -3. What is the units digit of o?
1
Let z(j) = j**3 - 4*j**2 - 4*j + 1603. What is the hundreds digit of z(0)?
6
Suppose -3*s = 2*c - 22, -3*s + 2 = -2*c - 0. Suppose -c = -3*k + 2*k. Suppose 47 = 3*w + k*f, -3*w + 2*w + 1 = -2*f. What is the units digit of w?
9
Let z = 106 - 99. Let r(u) = 3*u**2 - 8*u + 4. What is the units digit of r(z)?
5
Let r(c) be the third derivative of 5*c**4/6 - 14*c**2. What is the tens digit of r(2)?
4
Let n(z) = z - 1. Let s be n(4). Suppose -2*p = -2*x - 46, s*p + 2*x - 1 = 83. What is the tens digit of p?
2
Suppose 0 = -11*t - 4*t + 5475. What is the tens digit of t?
6
Let g(p) = -p**3 + 4*p**2 + p + 3. Let f be g(4). Suppose 0 = -f*z + 6 + 8. Suppose s + h = z*s - 13, 5*s - 2*h = 80. What is the tens digit of s?
1
Let h(t) = 324*t - 463. What is the thousands digit of h(9)?
2
Let y(f) = -f**3 + 3*f**2 + 27*f + 19. What is the tens digit of y(-7)?
2
Let k = 76 - -175. Suppose -i + o + 63 = 0, -i + 5*o = 3*i - k. What is the units digit of i?
4
Let a = 182 + -54. What is the hundreds digit of a?
1
Let m be (-1)/((-10)/(-4) + -3). Suppose 4*k - m = 3*k. Suppose -5*a = 5*x - 90, 6*x - 4*a = k*x + 104. What is the units digit of x?
2
Suppose -4*q - a + 11 = -2*a, -5*a = 4*q + 7. Suppose 408 = 6*t - q*t. What is the hundreds digit of t?
1
Let u(f) be the first derivative of f**3/3 + 13*f**2/2 - 47*f + 17. What is the tens digit of u(8)?
2
Suppose -376*a = -377*a + 751. What is the tens digit of a?
5
Let n = -309 - -1908. What is the tens digit of n?
9
Suppose -3*g = -6*g + 117. Let k = -3 - -8. Suppose b + 2*p = 15, -2*b - 6 + g = k*p. What is the units digit of b?
9
Let p = -8 + 8. Suppose p*y = 3*y + 4*o - 106, -2*y + 64 = 4*o. Suppose -5*s + 63 = -y. What is the units digit of s?
1
Suppose -55*z = -11333 - 134142. What is the thousands digit of z?
2
What is the hundreds digit of 120/(-80) - (5066/(-4) - 0)?
2
Let x be (55/(-10))/((-1)/(-2)). Let s = x + 12. What is the units digit of s*(18 - (-2 - -3))?
7
Suppose 6*i - 5*i = 0. Suppose 4*c = 3*x - 206, 5 + 141 = -3*c - 2*x. Let z = i - c. What is the units digit of z?
0
Let q be (-398)/(-12) - 7/42. Suppose -3*n + q = m + 5, -m + 34 = 5*n. What is the tens digit of m?
1
Let j = -11 - -41. Suppose -j = -4*q + q. What is the units digit of ((-8)/q)/(3/(-195))?
2
What is the hundreds digit of 93/(-155) - (3758/(-5) + 2)?
7
Let r(s) = 12*s + 6. What is the tens digit of r(31)?
7
Let a = -7514 - -10792. What is the tens digit of a?
7
Suppose 3970 = -222*f + 232*f. What is the units digit of f?
7
Let t = 4051 - 1715. What is the units digit of t?
6
Suppose m + 8 = -2*f, -m - 3*m + 2*f + 8 = 0. Suppose 5*x + r - 2 = m, -x + 3*x + 3*r = 6. What is the tens digit of x - (0 + (-3 - 36))?
3
Let b(z) = z - 3*z + 3*z**2 - 2*z - z**3 + 1. Let m be b(3). Let g = m + 31. What is the units digit of g?
0
Suppose 4*z - y = y + 14010, -5*y - 17515 = -5*z. What is the units digit of z?
2
Let s = 6 - -183. What is the hundreds digit of s?
1
Let y = 2472 + -1112. What is the units digit of y?
0
Let h(d) = 246*d + 388. What is the hundreds digit of h(13)?
5
Let h(m) = -24*m + 44. What is the hundreds digit of h(-20)?
5
Suppose -2*f - 270 = 4*m, 4*m + f + 225 = -42. Let z = m + 103. What is the units digit of z?
7
Let h(c) = -c**3 + 3*c**2 + 4*c + 3. Let d be h(4). Suppose -5 - 7 = 3*t + 4*a, 0 = 3*t + 5*a + 12. What is the units digit of t - -13 - d - 1?
5
Let i(s) = 12*s**2 + 12*s - 64. What is the thousands digit of i(10)?
1
Let m(u) = -3458*u**3 - 6*u - 5. What is the tens digit of m(-1)?
5
Suppose -5*t + 9*t = 224. Let j = t + 27. Suppose 1 = 4*d - j. What is the units digit of d?
1
Let d(b) = b**3 - b**2 + 6*b - 7. Let q be (45/(-5))/((-2)/(-6)). Let l be (12/(-18))/(6/q). What is the units digit of d(l)?
9
Let l = -268 + 524. Let g = l - 175. What is the units digit of g?
1
Let y = -14 - -25. Let b be y/(-2)*(-4)/2. Suppose 4*a - 3*a = b. What is the units digit of a?
1
Let w be 504/20*(-60)/(-8). Suppose -4*y = -y - w. What is the units digit of y?
3
Suppose 0 = 4*g - 9 - 11. Suppose 4*w - 312 = -3*v, 4*v - 309 = v - g*w. What is the units digit of v?
8
What is the units digit of ((-4)/24*183)/((-1)/2)?
1
Let w = 7 - 7. Suppose 3*q = -6*t + 2*t + 193, -q - 3*t + 56 = w. Let v = q - 44. What is the tens digit of v?
2
Suppose 5*b - 42 - 33 = 0. Suppose -1 = -q - w, -3*w + 0*w = b. What is the units digit of q?
6
Suppose 108 = -4*z - 168. Let l = z - -108. What is the units digit of l?
9
Suppose h - 1524 = -22*i + 23*i, 6076 = 4*h + i. What is the thousands digit of h?
1
Suppose 0 = -3*o + 15 + 45. Suppose -o + 0 = -j. Suppose -a + 2*c - 3 = -j, 40 = 2*a - c. What is the units digit of a?
1
Let s = 23 + -14. Let h(i) = i**3 - 10*i**2 + 8*i + 11. Let l be h(s). Suppose -m + l*m = 47. What is the tens digit of m?
4
Suppose -6*s + 4*s + 102 = 0. Suppose 2*n = n + s. What is the units digit of n?
1
Let w(p) = -160*p + 242. What is the hundreds digit of w(-12)?
1
Suppose -29*t = 7*t - 14328. What is the units digit of t?
8
Let r = -437 + 1072. What is the tens digit of r?
3
Let p(n) = -9*n + 343. Let c be p(0). Let a = c - 122. What is the units digit of a?
1
Let o = 14 - -5. Suppose 76 = 21*h - o*h. What is the units digit of h?
8
Let x(b) = b**2 + 4*b - 10. Let m be x(-6). Suppose m*f - 4*f = 0. Suppose f*y + 38 = 2*y. What is the tens digit of y?
1
Su